x(h) = 2*h**2 - 45*h - 143. Let u be x(38). What is the highest common divisor of u and 45?
45
Let t(r) = -5*r - 70. Let h be t(-20). Let n be -3*55/h*-4. What is the greatest common divisor of n and 55?
11
Let y be (-6)/6 + 7 + 154. Calculate the highest common divisor of y and 32.
32
Suppose -4*l + 134 = 3*j - j, -2*l + 69 = 3*j. What is the highest common factor of l and 44?
11
Let c be ((-4)/10)/(5/900*-1). Let w(q) = -2*q**3 + 0 - 4*q**2 + 0. Let t be w(-3). Calculate the highest common divisor of t and c.
18
Let f be (3*6/15)/((-6)/(-20)). Suppose 38 = 5*h + 2*u + 1, 4*u = -f*h + 20. What is the highest common divisor of 63 and h?
9
Let o be (-2)/7 + (-3156)/(-21). Suppose 0 = 4*b - 2*i - 120, -22*b + 2*i = -19*b - 90. What is the greatest common divisor of o and b?
30
Let b = 199 - 9. Calculate the greatest common divisor of b and 30.
10
Let i = 3103 + -2206. What is the highest common factor of 69 and i?
69
Let r(y) = -2*y**3 - 3*y**2 - y + 3. Let m be r(-2). Suppose -m*t = -7*t - 44. Calculate the greatest common divisor of t and 2.
2
Let b be 4/1*27/36. Suppose b*s = -2*k + 75, -3*k - 5*s + 200 = 2*k. What is the highest common factor of 30 and k?
15
Suppose 4*b - 3*f + 68 = 0, -3*f = 2*b + 3*b + 112. Let o = 11 - b. What is the greatest common divisor of o and 31?
31
Let k be 19/(-2*(-1)/16). Let g = -102 + k. Let u(l) = l**3 + 9*l**2 + 4*l - 45. Let m be u(-7). Calculate the greatest common divisor of g and m.
25
Let k(c) be the third derivative of 7*c**4/12 - c**3 + c**2. Let q = 33 - 30. Let i be k(q). Calculate the highest common divisor of i and 4.
4
Let c = -4 + 6. Suppose 5*v + 24 - 24 = 0. Suppose -2*k + b + 4 + 8 = v, -4*b = 3*k - 40. Calculate the greatest common factor of c and k.
2
Let g = -248 - -168. Let o be (-6)/21 + g/14. Let q be 1/(-6) - 151/o. Calculate the greatest common divisor of 10 and q.
5
Let v(p) = p**3 + 7*p**2 - 8*p + 8. Let z be v(4). Calculate the greatest common factor of z and 266.
38
Suppose -5*i + 12*x + 1101 = 13*x, 2*i + 4*x = 426. Calculate the greatest common factor of 26 and i.
13
Let o be (-11)/44 + 9/4. Suppose -2*m - o = -6. Suppose -m*j + 30 = -22. Calculate the greatest common divisor of 26 and j.
26
Let p = 202 - -8. Calculate the greatest common divisor of 560 and p.
70
Let w(o) = 333*o - 38. Let g be w(1). Calculate the highest common divisor of 59 and g.
59
Let u be 3 + (-122)/(-2) + 0 + -4. Calculate the greatest common divisor of 105 and u.
15
Let d = 36 + -37. Let l(z) = -12*z. Let s be l(d). What is the highest common factor of 108 and s?
12
Let x(o) = o**2 + 19*o + 86. Let p be x(-4). Calculate the highest common divisor of p and 104.
26
Let f be (4/(-8))/(2/72). Let t be (9/2)/((-3)/f). Let g be 376/2 - 4/(-4). Calculate the highest common divisor of t and g.
27
Let h(b) = 4*b - b + 2 + 0*b + 3*b**2. Let y be h(-1). Let c be 663/7 + y/7. Calculate the highest common factor of 19 and c.
19
Suppose 175 = -36*h + 41*h. Suppose 5*w + 3*i = w + h, 4*i + 12 = 0. Calculate the greatest common divisor of w and 44.
11
Suppose 0 = -3*v + 32 + 22. Calculate the greatest common divisor of 162 and v.
18
Suppose 0 = 4*k - 5*i - 77, 4*k - 75 = -28*i + 31*i. Calculate the highest common factor of k and 3384.
18
Let c be (-1820)/(-104)*184/10. Calculate the highest common divisor of 69 and c.
23
Let m = 198 + -133. Calculate the greatest common divisor of m and 585.
65
Let i(m) = m**3 - 10*m**2 - 10*m - 12. Let w be i(11). Let c = 73 + w. Calculate the highest common factor of 16 and c.
8
Suppose 2*m - 13 = -9. Let q(r) = 11*r. Let w be q(2). Let a = m + w. What is the greatest common divisor of a and 16?
8
Let m = -3 - -8. Let g be m + 1 + -1 - -10. Calculate the greatest common divisor of g and 15.
15
Let c(a) = -7*a - 7. Let r be c(-2). Calculate the greatest common divisor of 350 and r.
7
Suppose 5*p - 49 + 14 = 0. Let i be 4/6*3 + -6. Let l = p + i. What is the highest common divisor of l and 24?
3
Suppose 77*c = 83*c - 54. Calculate the greatest common factor of 144 and c.
9
Let i(k) = 0*k - 5*k + k**3 + 8*k. Let b be i(3). What is the greatest common divisor of 252 and b?
36
Suppose -5*c + 2*u + 20 = 0, 7*c = 4*c + 5*u + 31. Suppose c*b - 441 = -5*b. What is the highest common divisor of 7 and b?
7
Let n be 4/(-28) - (1 - (-2391)/21). Let u = -105 - n. Calculate the greatest common factor of 4 and u.
2
Let p(w) = 2*w**2 - 33*w + 340. Let t be p(10). What is the greatest common factor of t and 390?
30
Let l(i) = -5*i - 8. Let t(q) = 15*q + 23. Let p(z) = -11*l(z) - 4*t(z). Let j be p(-6). Calculate the highest common factor of j and 26.
26
Let z be (-65)/(-25)*(-1 - -2)*5. Suppose -4*k + 476 = 4*q, -2*k + 2*q + 212 = -18. Calculate the greatest common divisor of k and z.
13
Suppose -1 = -x - 6. Suppose 139 = 8*f + 219. Let b be x/(-25) + (-8)/f. What is the highest common divisor of 2 and b?
1
Let f be ((-10)/(-25))/(4/380). Suppose -2*k = k + 69. Let b = k + f. What is the highest common factor of b and 5?
5
Let d = 584 - 584. Suppose -l + 8 = 2. Suppose d = -l*t + t + 50. What is the highest common divisor of t and 100?
10
Let y(j) = j**3 - j + 62. Let h be y(0). Let t = h + -24. Suppose -4*f + 7*r + 84 = 3*r, -3*f - 2*r = -t. Calculate the highest common factor of 48 and f.
16
Let c = -30 + 25. Let j = c - -6. Suppose 0 = -0*m - 3*m + 24. Calculate the highest common factor of j and m.
1
Suppose 30*g + 9*g = 7722. Calculate the highest common factor of g and 22.
22
Suppose -3*n - 4 = 4*m, 2*n - 6*m + m = -18. Let w be (n/(-3))/(6/63). Let r be (-9)/((-6)/2) + w. What is the highest common divisor of r and 187?
17
Let x = 38 + -14. What is the highest common factor of x and 156?
12
Let q be 5*(0 + 1)*3. Suppose 0 = 5*k - 0*o + o - 32, 3*k - 28 = -5*o. Calculate the greatest common factor of k and q.
3
Let s be (-20)/(12/(-16) - (-3)/(-12)). Calculate the highest common factor of s and 160.
20
Suppose 0 = -4*o + 10*o - 96. Suppose -26 = 3*m + 4*w - 2*w, -2*m = -2*w + 4. Let g = o + m. Calculate the highest common factor of 50 and g.
10
Let f be (-14)/63 - 101/(-9). Suppose f*c = -3*c + 182. Calculate the highest common divisor of 299 and c.
13
Suppose -3*m - 2*q = -40, 13*m - 16*m + q = -43. Calculate the highest common factor of 2 and m.
2
Let x = -36 - -62. Let k(d) = -d**3 - 9*d**2 + 12*d + 4. Let m be k(-10). Let a = m + 55. What is the greatest common divisor of a and x?
13
Suppose 0 = -164*r + 159*r + 2240. Calculate the highest common factor of r and 14.
14
Let r = 1203 - 1140. Let w be 21/2*(-6)/(-9). Calculate the greatest common factor of w and r.
7
Let z = -24 + 24. Suppose 3*v - 172 - 392 = z. Suppose 5*y - 2*x = 206 - 0, -5*y + v = 4*x. What is the highest common divisor of 10 and y?
10
Suppose -31 = s - 2*p - 55, 20 = -5*p. Suppose i - 5*i + 16 = 0. Suppose -i*q - q = 4*u - 28, 2*u - 4*q = -12. What is the greatest common factor of u and s?
2
Let o = -102 - -257. What is the greatest common factor of o and 62?
31
Let j be (524/(-10))/(139/(-3475)). What is the highest common divisor of 10 and j?
10
Suppose 5*f - 697 = 403. Calculate the highest common factor of f and 55.
55
Suppose -5*i - 3*l - 2*l + 855 = 0, 2*i = 3*l + 342. Calculate the greatest common divisor of 38 and i.
19
Suppose 3*s + 94 = 2*f, f - 50 = 232*s - 231*s. Let o(i) = i**3 - 4*i**2 - 3*i + 6. Let w be o(5). What is the highest common factor of f and w?
8
Let x be 9*-1*(-1)/1. Let f be (13/((-26)/16) - -7)*-3. Calculate the highest common divisor of x and f.
3
Let a be 2*-3 - ((-30)/5 - 6). Calculate the highest common factor of a and 474.
6
Let g = 196 - -356. Let o be (-2 - 0)/(-1) - g/(-4). What is the highest common factor of 56 and o?
28
Suppose 8*k = 36*k - 2660. What is the greatest common divisor of 10 and k?
5
Let h(f) = -f**3 + 25*f**2 - 150*f - 1. Let x be h(11). Calculate the greatest common factor of x and 86.
43
Suppose -7*k + 6*k + 319 = 0. Calculate the highest common divisor of 22 and k.
11
Suppose -10 = -3*c - 1. Suppose c*g + 12 = 6*g. Let u be 7/9 - 4/(-18). Calculate the highest common factor of u and g.
1
Suppose 0 = -i + 2*u - 14, i + 2*u + 2*u + 38 = 0. Let n = i - -60. Calculate the greatest common factor of 95 and n.
19
Suppose 5*y = 3*m - 10, 0*y - 4*y = m - 9. Let x be (-1)